{"id":1617,"date":"2025-03-29T12:11:32","date_gmt":"2025-03-29T15:11:32","guid":{"rendered":"https:\/\/epistemeonline.com\/?post_type=product&#038;p=1617"},"modified":"2025-08-06T17:11:01","modified_gmt":"2025-08-06T20:11:01","slug":"caderno-pedagogico-07-transicao-da-educacao-infantil-para-o-ensino-fundamental","status":"publish","type":"product","link":"https:\/\/epistemeonline.com\/index.php\/product\/caderno-pedagogico-07-transicao-da-educacao-infantil-para-o-ensino-fundamental\/","title":{"rendered":"Caderno Pedag\u00f3gico 07: Transi\u00e7\u00e3o da Educa\u00e7\u00e3o Infantil para o Ensino Fundamental"},"content":{"rendered":"","protected":false},"excerpt":{"rendered":"<p>A transi\u00e7\u00e3o da educa\u00e7\u00e3o infantil para o ensino fundamental \u00e9 um momento crucial no desenvolvimento escolar e emocional das crian\u00e7as, especialmente para aquelas de 5 anos de idade. Essa fase marca uma mudan\u00e7a significativa na rotina, nas expectativas e nas demandas educacionais, e sua import\u00e2ncia pode ser analisada sob v\u00e1rios aspectos.<\/p>\n","protected":false},"featured_media":1618,"template":"","meta":[],"product_brand":[45,46],"product_cat":[41,42],"product_tag":[43,44],"class_list":{"0":"post-1617","1":"product","2":"type-product","3":"status-publish","4":"has-post-thumbnail","6":"product_brand-episteme-assessoria","7":"product_brand-vanderson-aureliano","8":"product_cat-cadernos-pedagogicos","9":"product_cat-downloads","10":"product_tag-caderno-pedagogico","11":"product_tag-downloads","13":"first","14":"instock","15":"downloadable","16":"virtual","17":"sold-individually","18":"purchasable","19":"product-type-simple"},"_links":{"self":[{"href":"https:\/\/epistemeonline.com\/index.php\/wp-json\/wp\/v2\/product\/1617","targetHints":{"allow":["GET"]}}],"collection":[{"href":"https:\/\/epistemeonline.com\/index.php\/wp-json\/wp\/v2\/product"}],"about":[{"href":"https:\/\/epistemeonline.com\/index.php\/wp-json\/wp\/v2\/types\/product"}],"wp:featuredmedia":[{"embeddable":true,"href":"https:\/\/epistemeonline.com\/index.php\/wp-json\/wp\/v2\/media\/1618"}],"wp:attachment":[{"href":"https:\/\/epistemeonline.com\/index.php\/wp-json\/wp\/v2\/media?parent=1617"}],"wp:term":[{"taxonomy":"product_brand","embeddable":true,"href":"https:\/\/epistemeonline.com\/index.php\/wp-json\/wp\/v2\/product_brand?post=1617"},{"taxonomy":"product_cat","embeddable":true,"href":"https:\/\/epistemeonline.com\/index.php\/wp-json\/wp\/v2\/product_cat?post=1617"},{"taxonomy":"product_tag","embeddable":true,"href":"https:\/\/epistemeonline.com\/index.php\/wp-json\/wp\/v2\/product_tag?post=1617"}],"curies":[{"name":"wp","href":"https:\/\/api.w.org\/{rel}","templated":true}]}}

Caderno Pedagógico 07: Transição da Educação Infantil para o Ensino Fundamental

<p>A transição da educação infantil para o ensino fundamental é um momento crucial no desenvolvimento escolar e emocional das crianças, especialmente para aquelas de 5 anos de idade. Essa fase marca uma mudança significativa na rotina, nas expectativas e nas demandas educacionais, e sua importância pode ser analisada sob vários aspectos.</p>
